 (-9)/(-6)*-1*w?
2, 3
Let n = -7213 - -19654. List the prime factors of n.
3, 11, 13, 29
Let z = -32 - -34. Suppose z*b + x - 6 - 4 = 0, -4*b = 5*x - 32. Suppose -2*y + 2*f - f + 167 = 0, -b*y + 2*f = -253. What are the prime factors of y?
3
Suppose -291455 = -389*v + 357*v + 70881. List the prime factors of v.
13, 67
List the prime factors of 17818*(14 + -11 + -2).
2, 59, 151
Let a be (2/(-1))/(5/10). Let y be ((-2)/(-8))/((-11)/44)*a. Let i(j) = 5*j**3 - 2*j**2 - 3*j - 3. What are the prime factors of i(y)?
3, 7, 13
Let x(b) = 178*b**3 - 3*b**2 - 3*b + 2. Let k(l) = -l**2. Let j(t) = -4*k(t) + x(t). Let h be j(1). Let f = h + -97. List the prime factors of f.
3
Let f(m) = m**3 - 5*m - 5. Let t be f(3). Suppose t*l - p - 753 = 6*l, 5*l - 3769 = p. What are the prime factors of l?
2, 13, 29
Suppose -96 + 61 = -7*a. Suppose 5*y - 1705 - 316 = k, -2015 = -5*y - a*k. What are the prime factors of y?
2, 101
Let p be ((-19)/(152/764))/(2/4). Let q = -32 + 7. Let c = q - p. List the prime factors of c.
2, 83
Suppose 0 = 8*c - 105793 + 20129. List the prime factors of c.
2, 2677
Let x = 12020 + 2556. What are the prime factors of x?
2, 911
Let t(a) = -4*a**3 + a**2 + 6*a - 6. Let y be t(-3). Suppose -3*n + 507 = y. What are the prime factors of n?
2, 3, 23
Let m be 2/(-11) - (-3 - (-16569)/(-77)). Let u = 215 + m. List the prime factors of u.
433
Let o = -173 - -297. Let m = 414 + -444. Let t = m + o. List the prime factors of t.
2, 47
Let l = -333 - -338. Suppose -d + 189 = -4*y, -5*y - 929 = -l*d - y. What are the prime factors of d?
5, 37
Let y = -4577 - -6767. What are the prime factors of y?
2, 3, 5, 73
Let a(w) = 24*w**2 - 12. Let l be a(-4). Suppose 5*s + l = 3147. List the prime factors of s.
3, 5, 37
Let r = -500 - -492. List the prime factors of 704/((-48)/6)*r.
2, 11
Suppose 230*o - 21426 = 227*o - 2*i, -2*i + 14284 = 2*o. What are the prime factors of o?
2, 3571
Suppose 5 = -3*i - 2*l + 6, 16 = -4*l. What are the prime factors of (404 - 90) + (1*i - 1)?
2, 79
Suppose -765 + 9130 = 7*m. Suppose 0 = -5*q + 3*g + m, 45 = -5*g + 20. What are the prime factors of q?
2, 59
Let j(n) be the third derivative of 0 + 2/3*n**4 + 7/6*n**3 - 22*n**2 + 0*n. List the prime factors of j(3).
5, 11
Let w = 3804 - 2543. Let k = w - 705. What are the prime factors of k?
2, 139
Let m(l) = l**2 - 4*l + 7. Let b be m(3). Let o be -3*(1 - 2) - (-38 - b). Suppose -o = z - 184. What are the prime factors of z?
139
Suppose 8*u + 4*u - 10*u = 0. Suppose u = -5*x - 3*t + 3333, 5*x = 12*t - 8*t + 3326. What are the prime factors of x?
2, 3, 37
Let b = 19320 - 10179. What are the prime factors of b?
3, 11, 277
Let x(n) = n**2 - 2*n - 3. Let g(f) = -f**2 + 13*f - 7. Let j be g(12). Let m be x(j). List the prime factors of 436/m - 2/6.
2, 3
Suppose 2*o + 0*o = 8. Suppose -c - 580 = 2*y - 3*y, -y - o*c + 605 = 0. What are the prime factors of y?
3, 5, 13
Suppose 3*h - g = 29, 47 = 14*h - 9*h - 2*g. Let t(a) = a**3 - 7*a**2 - 8*a + 20. List the prime factors of t(h).
2, 13
Let y = 33732 - 23565. List the prime factors of y.
3, 3389
What are the prime factors of 3/((-21)/190519*-1)?
17, 1601
Let a be 34/(-4 + 70/15). Suppose -a = -3*l + 3*o, -2*l - 9 = -3*l + 3*o. What are the prime factors of l/(-14)*11*-2?
3, 11
Let d = 29 + -25. Suppose z - 10 = d*o + o, 5*z = -4*o + 166. Let f = z + -14. What are the prime factors of f?
2
Let b = 6527 + -1490. List the prime factors of b.
3, 23, 73
Suppose -7195 = -5*f - t + 4095, 5*t = -4*f + 9032. List the prime factors of f.
2, 1129
Let h be 142/(-781) - ((-46)/11 + 0). Suppose 3*j + 1538 = h*j - 5*y, 0 = -4*j + 4*y + 6216. What are the prime factors of j?
2, 19, 41
Suppose -52*c = -4*f - 49*c + 29987, 5*f = -2*c + 37455. What are the prime factors of f?
59, 127
Let t = -631 + 635. Suppose 5*b - 9 = 2*b. Suppose 76 = b*c - 5*a, -t*c + 2*a + 112 = -2*a. What are the prime factors of c?
2
Suppose -n - 5*f + f + 18 = 0, -5*f + 22 = n. Suppose n*i + 7*i + 612 = 0. Let p = 128 + i. What are the prime factors of p?
2, 3, 5
Let c be 6/4*(-4 - 16/(-3)). Suppose -2*f - 8 = -c*k, -3*k - 16 = -7*k + 2*f. Suppose -5*j - k*s = -689, 0*j + 549 = 4*j + s. List the prime factors of j.
137
Suppose -2 - 2 = 2*g, -4*g - 1884 = -v. Suppose -10*c + 3*c = -v. List the prime factors of c.
2, 67
Suppose 0 = -16*z - 7 + 7. List the prime factors of (-3)/6*-682 + z.
11, 31
Let f(m) = -m**3 - 14*m**2 - 5*m - 13. Suppose 18 = -2*r - 2*a, -3*r + a - 55 = -3*a. Let x be f(r). Let z = -78 - x. List the prime factors of z.
3, 13
Suppose 6*g = 132 + 108. Let s = -35 + g. Suppose -163 = -5*h - k, 0 = 5*h - 10*h - s*k + 175. List the prime factors of h.
2
Let u(k) = -201*k**3 - k**2 + 19*k + 44. List the prime factors of u(-5).
37, 677
Suppose 20*b - 23*b = -r, 0 = 3*b - 12*r + 66. Let s(m) be the second derivative of 23*m**4/4 - m**3/2 - 3*m**2/2 - m. What are the prime factors of s(b)?
3, 89
Let h(a) = -a**3 + 20*a**2 - 16*a - 91. Let z be h(17). Suppose u - 632 = 5*t, -5*u - 2*t + 3556 = z. List the prime factors of u.
2, 3, 17
Let o(n) = 3*n**2 + 3*n - 51. Let y be o(4). What are the prime factors of (y - (-11997)/99) + 4/(-22)?
2, 5, 13
Let y(n) = -10*n**3 - n**2 - 2*n - 2. Let d = 17 - 22. Let s be ((-4)/14)/(d/(-35)). List the prime factors of y(s).
2, 3, 13
Let w be -22 + 6/3 + (-3 - -2). List the prime factors of 3036/(-115)*(1 + w).
2, 3, 11
Let s(a) be the third derivative of a**5/30 + a**4/24 - a**3/6 + 2*a**2. Suppose -43*i - 151 = 21. What are the prime factors of s(i)?
3
Let p = 14823 - 5355. List the prime factors of p.
2, 3, 263
Let p(c) = -c**3 - 11*c**2 - 4*c - 4. Let n be p(-12). Suppose w - n - 81 = 0. What are the prime factors of w?
269
Suppose -3*c + 180 = -0*c. Let q = c + -56. Suppose -q*u = -16, -400 = -t - t - 3*u. What are the prime factors of t?
2, 97
Suppose 0 = -1246*a + 1229*a + 335495. List the prime factors of a.
5, 3947
Let i be (-36)/42 + (-6)/(-7). Suppose i = -5*q + 2506 + 484. List the prime factors of q.
2, 13, 23
Suppose 7 = s - 5*w, 3*w - 5*w = s + 7. Let z be (s - 5)*1*16. Let p = -34 - z. List the prime factors of p.
2, 47
Let y = 11 - 7. Suppose 4*k = i + 3, 4*i = -i + y*k + 33. Suppose -7*c - 40 = -i*c. What are the prime factors of c?
2, 5
Let u = 206 - 206. Let f(y) = -y**3 - 2*y**2 + 602. What are the prime factors of f(u)?
2, 7, 43
Let l be 1 + 3 + -5 + 2. Let z be -3 + l + 8/4. List the prime factors of (-3 - -1)/(-1) - (z + -112).
2, 3, 19
Let w = -456 + 453. Let h(s) = -324*s - 83. What are the prime factors of h(w)?
7, 127
Let i be (0 - 4/12)*(0 - 0). Suppose 3*g + 2*o = -7 + 18, i = -5*g - 3*o + 17. List the prime factors of (-3682)/(-14) + (5 - g)*-1.
7, 37
Let f be (6936/27)/4*9. Suppose 5*u + 3*s - 2388 = u, 4*s + f = u. List the prime factors of u.
2, 3, 11
Let z(m) = m**3 - 6*m**2 - 8*m + 12. Suppose -12*s = -3*s - 63. Let d be z(s). Suppose -5*o = 3*q - 752, d*q + o = -0*q + 1224. What are the prime factors of q?
2, 61
Let b = 1947 + 3292. List the prime factors of b.
13, 31
Suppose -5*f - 145 = 195. Let a = -27 - f. Suppose 4*s - 3*s - x = 26, -s - 4*x + a = 0. What are the prime factors of s?
29
Suppose 4*j + 2*o - 43572 = 4*o, -5*j = -3*o - 54462. List the prime factors of j.
2, 3, 227
Let n(b) = 7*b**3 + 11*b**2 - 18*b - 23. What are the prime factors of n(10)?
53, 149
Suppose -r + 5 = 2*a, -3*r + a = -3 - 5. Let t(l) = 39*l + 10. Let o(x) = -18*x - 5. Let z(w) = -10*o(w) - 4*t(w). What are the prime factors of z(r)?
2, 41
Suppose 4*k - 48 = -4*k. Suppose 7*t = k*t - x + 34, 25 = 5*x. List the prime factors of t.
29
List the prime factors of ((-783)/(-174))/(5/154)*265.
3, 7, 11, 53
List the prime factors of 1433 + (-3 + -2 - 315/(-21)) + -4.
1439
Let k = -36729 - -77248. List the prime factors of k.
40519
What are the prime factors of ((-4697)/(-22))/(22/1848)?
2, 3, 7, 61
Let o be -18 - -11 - (-4*1 - -2). Let s be o/(-3) + 14/(-21) - -287. Let t = s + -200. List the prime factors of t.
2, 11
Suppose -33600 = -41*g + 11*g. Let s = g + 794. What are the prime factors of s?
2, 3, 11, 29
Let g = -78 - -225. Suppose m - g = -n, 0 = -2*m - 2*n + 3*n + 294. List the prime factors of m.
3, 7
Let p(t) = -t**2 - 7*t - 12. Let h(o) = -o - 35 - 2*o**2 + o - 17*o - 4*o. Let l(w) = 4*h(w) - 11*p(w). List the pr